{"id":334,"date":"2017-02-23T21:50:58","date_gmt":"2017-02-23T20:50:58","guid":{"rendered":"http:\/\/tc-holzguenz.de\/?page_id=334"},"modified":"2017-02-23T22:57:11","modified_gmt":"2017-02-23T21:57:11","slug":"unser-verein","status":"publish","type":"page","link":"https:\/\/tc-holzguenz.de\/?page_id=334","title":{"rendered":"Unser Verein"},"content":{"rendered":"<p align=\"justify\">Der Tennisclub Holzg\u00fcnz wurde 1984, wie auch im Vereinsnamen ersichtlich, gegr\u00fcndet. Die Suche nach einem geeigneten Gel\u00e4nde war zu Beginn das gr\u00f6\u00dfte Problem. Letztendlich wurde uns von der Gemeinde Holzg\u00fcnz das Gel\u00e4nde der alten Kiesgrube vorgeschlagen. Auf Kosten der Kommune\u00a0wurde das Gel\u00e4nde im Sommer zun\u00e4chst in\u00a0einen Tennisplatz-tauglichen Zustand gebracht. Noch im Herbst wurde mit dem Bau der drei Tennispl\u00e4tze in Eigenleistung begonnen. Bereits im Fr\u00fchling 1985 konnten dann schon die ersten B\u00e4lle \u00fcber den Platz gespielt werden. Eine kleine aber gem\u00fctliche Holzh\u00fctte musste f\u00fcr 3 Jahre als Vereinsheim ausreichen, die Planungen f\u00fcr unser heutiges Heim waren aber bereits im Gange. 1990 konnten wir dann unser gro\u00dfz\u00fcgiges Vereinsheim fertigstellen und feierlich einweihen.<\/p>\n<p align=\"justify\">Seit dem Gr\u00fcndungsjahr hat sich die Mitgliederzahl auf 160, davon \u00fcber 40 Kinder und Jugendliche erh\u00f6ht und ist auch \u00fcber all die Jahre ziemlich konstant geblieben.<\/p>\n<p align=\"justify\">Beim TC Holzg\u00fcnz besteht die M\u00f6glichkeit, zu g\u00fcnstigen Beitr\u00e4gen (wir haben keine Aufnahmegeb\u00fchr) auf einer sch\u00f6nen Anlage Tennis zu spielen. LK-Turniere, Altkreismeistenschaften, freies Spiel an einem Wochentag mit anschlie\u00dfender Brotzeit f\u00f6rdern vor allem die Kameradschaft. Wir versuchen auch immer Interessenten auf Wunsch ein Tennistraining anzubieten.<\/p>\n<p align=\"justify\">Besonders hervorzuheben ist unsere aktive Jugendarbeit. \u00dcber 40 Kinder nehmen regelm\u00e4\u00dfig an Trainerstunden teil, die unter der Leitung qualifizierter Vereinsmitglieder abgehalten werden. Aufgrund dieser Nachwuchsarbeit ist es uns m\u00f6glich insgesamt acht\u00a0 Mannschaften f\u00fcr die verschiedenen Tennisligen zu melden. In den letzten Jahren war unser Verein au\u00dferdem der Ausrichter f\u00fcr die Altkreis Meisterschaften des Altkreises Memmingen, bei dem die besten Tennisspieler der Umgebung ermittelt werden.<\/p>\n<p align=\"justify\">Unser Ziel ist es, allen Interessierten, insbesondere den Kindern und Jugendlichen die M\u00f6glichkeit einer sinnvollen Freizeitgestaltung zu bieten.<\/p>\n\n\t\t<style type=\"text\/css\">\n\t\t\t#gallery-1 {\n\t\t\t\tmargin: auto;\n\t\t\t}\n\t\t\t#gallery-1 .gallery-item {\n\t\t\t\tfloat: left;\n\t\t\t\tmargin-top: 10px;\n\t\t\t\ttext-align: center;\n\t\t\t\twidth: 33%;\n\t\t\t}\n\t\t\t#gallery-1 img {\n\t\t\t\tborder: 2px solid #cfcfcf;\n\t\t\t}\n\t\t\t#gallery-1 .gallery-caption {\n\t\t\t\tmargin-left: 0;\n\t\t\t}\n\t\t\t\/* see gallery_shortcode() in wp-includes\/media.php *\/\n\t\t<\/style>\n\t\t<div id='gallery-1' class='gallery galleryid-334 gallery-columns-3 gallery-size-thumbnail'><dl class='gallery-item'>\n\t\t\t<dt class='gallery-icon landscape'>\n\t\t\t\t<a href='https:\/\/tc-holzguenz.de\/wp-content\/uploads\/2017\/02\/DSC00340-1.jpg' title=\"\" data-rl_title=\"\" class=\"rl-gallery-link\" data-rl_caption=\"\" data-rel=\"lightbox-gallery-1\"><img loading=\"lazy\" decoding=\"async\" width=\"150\" height=\"150\" src=\"https:\/\/tc-holzguenz.de\/wp-content\/uploads\/2017\/02\/DSC00340-1-150x150.jpg\" class=\"attachment-thumbnail size-thumbnail\" alt=\"\" \/><\/a>\n\t\t\t<\/dt><\/dl><dl class='gallery-item'>\n\t\t\t<dt class='gallery-icon landscape'>\n\t\t\t\t<a href='https:\/\/tc-holzguenz.de\/wp-content\/uploads\/2017\/02\/PICT0022.jpg' title=\"\" data-rl_title=\"\" class=\"rl-gallery-link\" data-rl_caption=\"\" data-rel=\"lightbox-gallery-1\"><img loading=\"lazy\" decoding=\"async\" width=\"150\" height=\"150\" src=\"https:\/\/tc-holzguenz.de\/wp-content\/uploads\/2017\/02\/PICT0022-150x150.jpg\" class=\"attachment-thumbnail size-thumbnail\" alt=\"\" \/><\/a>\n\t\t\t<\/dt><\/dl><dl class='gallery-item'>\n\t\t\t<dt class='gallery-icon landscape'>\n\t\t\t\t<a href='https:\/\/tc-holzguenz.de\/wp-content\/uploads\/2017\/02\/IMG_7057-1.jpg' title=\"\" data-rl_title=\"\" class=\"rl-gallery-link\" data-rl_caption=\"\" data-rel=\"lightbox-gallery-1\"><img loading=\"lazy\" decoding=\"async\" width=\"150\" height=\"150\" src=\"https:\/\/tc-holzguenz.de\/wp-content\/uploads\/2017\/02\/IMG_7057-1-150x150.jpg\" class=\"attachment-thumbnail size-thumbnail\" alt=\"\" \/><\/a>\n\t\t\t<\/dt><\/dl><br style=\"clear: both\" \/><dl class='gallery-item'>\n\t\t\t<dt class='gallery-icon landscape'>\n\t\t\t\t<a href='https:\/\/tc-holzguenz.de\/wp-content\/uploads\/2017\/02\/Platzpflege_048.jpg' title=\"\" data-rl_title=\"\" class=\"rl-gallery-link\" data-rl_caption=\"\" data-rel=\"lightbox-gallery-1\"><img loading=\"lazy\" decoding=\"async\" width=\"150\" height=\"150\" src=\"https:\/\/tc-holzguenz.de\/wp-content\/uploads\/2017\/02\/Platzpflege_048-150x150.jpg\" class=\"attachment-thumbnail size-thumbnail\" alt=\"\" \/><\/a>\n\t\t\t<\/dt><\/dl><dl class='gallery-item'>\n\t\t\t<dt class='gallery-icon landscape'>\n\t\t\t\t<a href='https:\/\/tc-holzguenz.de\/wp-content\/uploads\/2017\/02\/Platzpflege_045.jpg' title=\"\" data-rl_title=\"\" class=\"rl-gallery-link\" data-rl_caption=\"\" data-rel=\"lightbox-gallery-1\"><img loading=\"lazy\" decoding=\"async\" width=\"150\" height=\"150\" src=\"https:\/\/tc-holzguenz.de\/wp-content\/uploads\/2017\/02\/Platzpflege_045-150x150.jpg\" class=\"attachment-thumbnail size-thumbnail\" alt=\"\" \/><\/a>\n\t\t\t<\/dt><\/dl><dl class='gallery-item'>\n\t\t\t<dt class='gallery-icon landscape'>\n\t\t\t\t<a href='https:\/\/tc-holzguenz.de\/wp-content\/uploads\/2017\/02\/Platzpflege_039.jpg' title=\"\" data-rl_title=\"\" class=\"rl-gallery-link\" data-rl_caption=\"\" data-rel=\"lightbox-gallery-1\"><img loading=\"lazy\" decoding=\"async\" width=\"150\" height=\"150\" src=\"https:\/\/tc-holzguenz.de\/wp-content\/uploads\/2017\/02\/Platzpflege_039-150x150.jpg\" class=\"attachment-thumbnail size-thumbnail\" alt=\"\" \/><\/a>\n\t\t\t<\/dt><\/dl><br style=\"clear: both\" \/><dl class='gallery-item'>\n\t\t\t<dt class='gallery-icon portrait'>\n\t\t\t\t<a href='https:\/\/tc-holzguenz.de\/wp-content\/uploads\/2017\/02\/Platzpflege_036.jpg' title=\"\" data-rl_title=\"\" class=\"rl-gallery-link\" data-rl_caption=\"\" data-rel=\"lightbox-gallery-1\"><img loading=\"lazy\" decoding=\"async\" width=\"150\" height=\"150\" src=\"https:\/\/tc-holzguenz.de\/wp-content\/uploads\/2017\/02\/Platzpflege_036-150x150.jpg\" class=\"attachment-thumbnail size-thumbnail\" alt=\"\" \/><\/a>\n\t\t\t<\/dt><\/dl><dl class='gallery-item'>\n\t\t\t<dt class='gallery-icon landscape'>\n\t\t\t\t<a href='https:\/\/tc-holzguenz.de\/wp-content\/uploads\/2017\/02\/Platzpflege_009.jpg' title=\"\" data-rl_title=\"\" class=\"rl-gallery-link\" data-rl_caption=\"\" data-rel=\"lightbox-gallery-1\"><img loading=\"lazy\" decoding=\"async\" width=\"150\" height=\"150\" src=\"https:\/\/tc-holzguenz.de\/wp-content\/uploads\/2017\/02\/Platzpflege_009-150x150.jpg\" class=\"attachment-thumbnail size-thumbnail\" alt=\"\" \/><\/a>\n\t\t\t<\/dt><\/dl><dl class='gallery-item'>\n\t\t\t<dt class='gallery-icon landscape'>\n\t\t\t\t<a href='https:\/\/tc-holzguenz.de\/wp-content\/uploads\/2017\/02\/Platzpflege_001.jpg' title=\"\" data-rl_title=\"\" class=\"rl-gallery-link\" data-rl_caption=\"\" data-rel=\"lightbox-gallery-1\"><img loading=\"lazy\" decoding=\"async\" width=\"150\" height=\"150\" src=\"https:\/\/tc-holzguenz.de\/wp-content\/uploads\/2017\/02\/Platzpflege_001-150x150.jpg\" class=\"attachment-thumbnail size-thumbnail\" alt=\"\" \/><\/a>\n\t\t\t<\/dt><\/dl><br style=\"clear: both\" \/>\n\t\t<\/div>\n\n","protected":false},"excerpt":{"rendered":"<p>Der Tennisclub Holzg\u00fcnz wurde 1984, wie auch im Vereinsnamen ersichtlich, gegr\u00fcndet. Die Suche nach einem geeigneten Gel\u00e4nde war zu Beginn das gr\u00f6\u00dfte Problem. Letztendlich wurde uns von der Gemeinde Holzg\u00fcnz das Gel\u00e4nde der alten Kiesgrube vorgeschlagen. Auf Kosten der Kommune\u00a0wurde&#8230;<br \/><a class=\"read-more-button\" href=\"https:\/\/tc-holzguenz.de\/?page_id=334\">Mehr Lesen<\/a><\/p>\n","protected":false},"author":2,"featured_media":0,"parent":0,"menu_order":0,"comment_status":"closed","ping_status":"closed","template":"","meta":{"footnotes":""},"class_list":["post-334","page","type-page","status-publish","hentry"],"_links":{"self":[{"href":"https:\/\/tc-holzguenz.de\/index.php?rest_route=\/wp\/v2\/pages\/334"}],"collection":[{"href":"https:\/\/tc-holzguenz.de\/index.php?rest_route=\/wp\/v2\/pages"}],"about":[{"href":"https:\/\/tc-holzguenz.de\/index.php?rest_route=\/wp\/v2\/types\/page"}],"author":[{"embeddable":true,"href":"https:\/\/tc-holzguenz.de\/index.php?rest_route=\/wp\/v2\/users\/2"}],"replies":[{"embeddable":true,"href":"https:\/\/tc-holzguenz.de\/index.php?rest_route=%2Fwp%2Fv2%2Fcomments&post=334"}],"version-history":[{"count":6,"href":"https:\/\/tc-holzguenz.de\/index.php?rest_route=\/wp\/v2\/pages\/334\/revisions"}],"predecessor-version":[{"id":359,"href":"https:\/\/tc-holzguenz.de\/index.php?rest_route=\/wp\/v2\/pages\/334\/revisions\/359"}],"wp:attachment":[{"href":"https:\/\/tc-holzguenz.de\/index.php?rest_route=%2Fwp%2Fv2%2Fmedia&parent=334"}],"curies":[{"name":"wp","href":"https:\/\/api.w.org\/{rel}","templated":true}]}}